d. What is b(d)?
-3
Suppose 5*p - 675 = 4*h, 0 = p - 3*h - 82 - 42. Suppose -33 = p*v - 142*v. Let c(u) = -u**3 + 11*u**2 - u + 15. Determine c(v).
4
Suppose 3*i = 5*g - 10, -4*g + 0*g - 5*i + 45 = 0. Let c(u) = u**2 + 19*u + g - 4 - 22*u. Calculate c(3).
1
Let c(g) be the third derivative of g**4/8 + 2*g**3/3 - g**2 + 43*g. Give c(4).
16
Let z(w) = 6 - 2460*w**2 - w**3 - 2460*w**2 + 4927*w**2. Let c be 1 + 7 + 3 + -4. Calculate z(c).
6
Suppose 3*v + 4*o = -28, 148*v - 146*v + 14 = 2*o. Let c(i) = -6*i + 6. Let y(k) = -5*k + 5. Let f(a) = -4*c(a) + 5*y(a). Calculate f(v).
9
Let u be (-40)/(-400) - (-2)/(-20). Let n(x) be the first derivative of -x**2/2 + x + 1. Give n(u).
1
Let o = -760 - -762. Let y(f) be the first derivative of -4 - 6*f + 1/4*f**4 - 8/3*f**3 + 4*f**o. What is y(7)?
1
Let u(q) = -q**3 + 4*q**2 + q - 2. Let a be (-6)/3 - (-246)/6. Let f = a - 36. What is u(f)?
10
Let i(q) = 2*q + 328 - 170 - 166. Determine i(-9).
-26
Let d(h) = -2*h + 9. Let l = -208 - -215. Calculate d(l).
-5
Suppose 5*a - 2*g - 62 = -0*g, 4*a = -3*g + 45. Let v be (-98)/a + 7/84*2. Let q(u) = u**2 + 8*u + 2. What is q(v)?
2
Let f(m) be the first derivative of m**6/120 - m**5/60 - m**4/6 + m**3/2 + 5*m**2/2 + 13. Let j(b) be the second derivative of f(b). Calculate j(2).
-1
Let i(w) = 2061*w**3 + 2*w - 1034*w**3 - 1031*w**3 - 2 + 2*w**2. Determine i(2).
-22
Suppose 5*r - 25 = 0, 0*v + v = -3*r + 9. Let w(j) = j + 11. What is w(v)?
5
Let w be 8*3 + (0 - 2). Let b(g) = -4*g - 1. Let o(u) be the second derivative of 5*u**3/2 + 2*u**2 + u - 35. Let z(j) = w*b(j) + 6*o(j). What is z(-2)?
-2
Let i(o) = -o + 9. Let k(c) = -3*c + 27. Let v(z) = 1. Let r(l) = k(l) - v(l). Let n(y) = -8*i(y) + 3*r(y). Give n(7).
-1
Let z(d) be the third derivative of 0*d + 0 - 1/60*d**5 - 18*d**2 + 1/6*d**3 + 1/4*d**4. Calculate z(6).
1
Let f be -3*(-6 - 5/(-15)). Let i(d) = -d**2 + 17*d - 21. Determine i(f).
-21
Suppose 2*o - s - 75 = 17, -o + 53 = -4*s. Let y be o - 0 - (2 - 5). Let x be (-7)/2*y/(-28). Let n(c) = -c - 5. Give n(x).
-11
Let h(x) = -x**2. Let r = 147 - 143. Determine h(r).
-16
Let g = -33 + 21. Let s = g - -15. Suppose s*d = -2*q - 27, -2*q + 2*d = 1 + 1. Let c(a) = -a - 5. Determine c(q).
1
Let q(m) = m - 7. Let s(o) = o - 36. Let h(d) = 4*q(d) - s(d). Determine h(-4).
-4
Let m = -36 + 42. Suppose 0 = -3*b + m*b + 18. Let v(j) = j**3 + 7*j**2 + 4*j + 8. Determine v(b).
20
Let l(s) = 5*s**2 - 17*s - 37. Let j(h) = -4*h**2 + 17*h + 37. Let n(p) = -4*j(p) - 3*l(p). Let t be n(19). Let r(u) = 16*u**2 - 2*u + 1. Calculate r(t).
15
Let d(t) = -t - 1. Let l(f) = -15*f - 3. Let x(z) = 12*d(z) - l(z). Determine x(7).
12
Let z(f) = f**2 - 4*f - 5. Let w be z(6). Suppose 1 = -3*r - 38. Let i = w + r. Let q(s) = -s**3 - 6*s**2 - 2. Determine q(i).
-2
Let r(z) = -z - 3*z**2 + 2*z - 6*z + z**3 - 5 - 2*z**2. Let x = 2 - 2. Suppose -4*y = 2*m - 24 + 4, 2*m + 5*y - 22 = x. Calculate r(m).
1
Let y(v) = -v**2 + 2*v + 5. Suppose -2*i - 4*t + 6 = 0, -3*i + 5*t - 3 + 12 = 0. Calculate y(i).
2
Let y(g) = g**2 - g**2 + 9*g + 10*g - 11*g - 2*g**2 - 9. What is y(6)?
-33
Let j = 5 + -8. Let d(u) = 92*u + 42. Let f(w) = 17*w + 8. Let l(m) = -2*d(m) + 11*f(m). Calculate l(j).
-5
Let k(x) be the second derivative of 0 - 1/120*x**5 + 0*x**2 + 5/24*x**4 - 4*x - x**3. Let t(b) be the second derivative of k(b). Determine t(6).
-1
Let c(r) be the first derivative of -r**4/4 - 17*r**3/3 - r**2/2 - 10*r + 59. Determine c(-17).
7
Let x(p) be the first derivative of -p**3/3 + 7*p**2/2 + 3*p - 5. Let i(s) = -s**2 + 8*s + 4. Let h(m) = 4*i(m) - 5*x(m). Calculate h(2).
-1
Suppose 5*t + 22 = -4*x, 3*t - 9 + 19 = -4*x. Let w(d) = d + 8. What is w(t)?
2
Let h be ((105/10)/(-7))/((-9)/12756). Let a(x) = 2*x - x + h - 2123 - 2*x. Let m(z) = z. Let o be m(2). Calculate a(o).
1
Let k be (-2 - 7)/(-3) - -36. Suppose -2*q - q = -k. Let i(o) = 44*o**2 - 45*o**2 + q + 2*o - 6. What is i(5)?
-8
Let n(l) be the first derivative of -15 - l + 0*l**2 + 0*l**3 - 11/4*l**4. What is n(-1)?
10
Let l be 3 + -2*4 - (15 - 20). Let i(b) be the first derivative of -b**3/3 - b**2/2 + 4*b + 1. Calculate i(l).
4
Let n(i) = -3*i**2 - 43*i + 33. Let h be n(-15). Let l(t) = -t**3 + t + 4. What is l(h)?
-20
Let o(w) be the second derivative of w**3/6 - 21*w**2/2 - 55*w. Give o(12).
-9
Let y(c) be the second derivative of c**5/4 - c**4/6 + c**3/2 - c**2/2 - 51*c - 1. Calculate y(1).
5
Let l(h) = 1 - 7*h + 1 + 2*h + 9*h. Give l(-3).
-10
Let r(v) be the third derivative of v**7/5040 - 7*v**6/720 + v**5/12 + 5*v**2. Let p(o) be the third derivative of r(o). Determine p(0).
-7
Let k be (1 - 1 - 1)*7. Let t be 45/18*(-1 + 1 + 2). Let q(d) = 10*d - 4*d + 2 + 4 - t*d. Give q(k).
-1
Let n(h) be the first derivative of 2*h**3/3 - h**2/2 + 2*h + 2. Let x(c) be the first derivative of -c**2/2 - 4*c - 5. Let v be x(-6). Give n(v).
8
Let h(c) = -14*c + 7. Let i be h(2). Let q = i + 23. Suppose 0 = 4*n + 4*v, -4 = q*n + 6*v - 2*v. Let m(a) = -3*a - 2. What is m(n)?
-8
Let t(k) = -4*k**2 - 3*k + 2. Let g = -92 - -93. Calculate t(g).
-5
Let x(w) be the third derivative of -2/3*w**3 - 1/60*w**5 - 1/3*w**4 - 8*w**2 + 0*w + 0. Give x(-6).
8
Let o(l) = -l**3 - 4*l**2. Let z = 107 + -100. Let f be (-52)/14 - ((-2)/z)/(-1). What is o(f)?
0
Let y(r) = -3*r - 3. Suppose -26 = -0*k + 13*k. Determine y(k).
3
Let c(k) be the second derivative of k**2 - 1/12*k**4 + 0*k**3 - 3*k + 0. Suppose -2*t - 6 = -0, 3*f + 6 = -5*t. What is c(f)?
-7
Let w = -35 + 64. Let c(y) = -3*y**2 + w*y - 28*y + 12*y**2. Give c(-1).
8
Let c(x) be the first derivative of -x**5/30 - x**3/6 - 5*x**2/2 + 6. Let p(l) be the second derivative of c(l). Let h be (-8)/(-6) - (-2)/(-6). Determine p(h).
-3
Let w(o) = 2*o**2 - 6. Let k = 448 + -443. Determine w(k).
44
Let z be (-38)/(-4) - (-11)/22. Let q = 14 - z. Let g(t) = -t**3 + 5*t**2 - 3*t - 3. Let r be g(q). Let s(n) = 10*n**3 - 2*n**2 + 1. Give s(r).
9
Let k = 31 - 28. Suppose k*z - 2*m = -8, -4*z - 2*m = 5 + 1. Let x(j) be the second derivative of -j**3/3 - j**2/2 - j. Determine x(z).
3
Let b(h) = h**2 - 8. Suppose 4*n + a + 80 = 2*n, 5*n = -4*a - 206. Let r = n + 38. Determine b(r).
-8
Let v(r) = -3*r - r + 3*r. Let c be -2 - (-3 + (0 - -4)). Let h = -7 - c. Calculate v(h).
4
Suppose 0*x - 40 = -4*x. Let u(k) = -2*k**2 + 21*k - 11. Let s be u(x). Let t(h) = 7*h - 1. Determine t(s).
-8
Let i(y) = y**3 + 8*y**2 + 5*y - 6. Suppose -200*n = -201*n - 7. Determine i(n).
8
Let f(i) = 2*i + 13. Let u be f(-9). Let d(p) be the first derivative of 7*p + 1/2*p**2 + 17. Give d(u).
2
Let c = -1 - -1. Let l(s) be the second derivative of 1/6*s**3 + 3*s + 1/2*s**2 + 1 - 1/12*s**4. What is l(c)?
1
Suppose 16*q = -3*q. Let d(a) = -a + 12. Calculate d(q).
12
Let x = -149 - -149. Let m(y) = y**2 + y - 37. Determine m(x).
-37
Let w be (32 - -3)*(20/(-25))/2. Let g be ((-12)/w)/(((-4)/14)/2). Let o(x) = x**2 + 3*x - 2. Determine o(g).
16
Let g(v) = 0*v**3 - 4*v - 19 + 45 + v**3 + v**2 - 23. Calculate g(2).
7
Let j(r) = r**3 - 13*r**2 + 8*r - 101. Let n be j(13). Let l(d) = 7*d + 9. Let p(c) = -20*c - 26. Let m(u) = 17*l(u) + 6*p(u). What is m(n)?
-6
Let d(b) be the first derivative of -b**4/4 - 5*b**3/3 + 2*b - 7. Let q be d(-5). Suppose 0 = q*r + 21 - 11. Let x(p) = 2*p + 4. What is x(r)?
-6
Suppose 3*a = -3*r + 15, -7*r + 3*r = -3*a + 15. Let f(h) = h. Let n(t) = -2*t. Let l(c) = -8*f(c) - 3*n(c). Determine l(a).
-10
Let j(a) be the first derivative of a**4/4 + a**3/3 - 5*a**2/2 + 2*a - 282. Calculate j(-4).
-26
Let s(a) = 2*a + 1. Let w(l) = -3*l - 29. Let u(g) = -s(g) - w(g). Give u(-14).
14
Let p = 39 - 3. Let m = -39 + p. Let z(k) = k + 2. Determine z(m).
-1
Let z(p) = p**2 + 16*p + 21. Suppose 4*x = 29*x + 350. Give z(x).
-7
Let l(j) = j - 2*j - j**3 - 12*j**2 + 19*j**2 - 9. What is l(7)?
-16
Suppose 2*d - 6*d = -2*c + 16, d + 3 = 0. Let u(a) be the second derivative of -a**5/20 + a**4/6 - a**3/6 - 11*a. What is u(c)?
-2
Suppose 2*d = 6*d - 12. Suppose -42 = -2*z - z + d*w, -3*z + w = -44. Suppose z = -0*o - 3*o. Let p(t) = -t**2 - 5*t. Determine p(o).
0
Suppose -12 = -7*h + h. Suppose 2*u - l = 6*u - 39, -h*l + 15 = u. Let p(b) = b - 2. What is p(u)?
7
Let d be (-4)/(-6) - 376/141. Let s(h) = -3*h**3 - 3*h**2 - h - 1. Calculate s(d).
13
Let z(n) = -7